What are the prime factors of 3401?
19, 179
What are the prime factors of 1858?
2, 929
List the prime factors of 3387.
3, 1129
What are the prime factors of 993?
3, 331
List the prime factors of 853.
853
What are the prime factors of 23850?
2, 3, 5, 53
List the prime factors of 21933.
3, 2437
What are the prime factors of 24711?
3, 8237
List the prime factors of 2111.
2111
What are the prime factors of 6022?
2, 3011
List the prime factors of 5256.
2, 3, 73
List the prime factors of 2155.
5, 431
What are the prime factors of 68014?
2, 31, 1097
What are the prime factors of 1508?
2, 13, 29
List the prime factors of 92922.
2, 3, 17, 911
What are the prime factors of 10289?
10289
List the prime factors of 11389.
7, 1627
What are the prime factors of 20766?
2, 3, 3461
List the prime factors of 386.
2, 193
What are the prime factors of 6191?
41, 151
What are the prime factors of 13997?
13997
What are the prime factors of 1660?
2, 5, 83
List the prime factors of 16682.
2, 19, 439
List the prime factors of 1556.
2, 389
List the prime factors of 2142.
2, 3, 7, 17
List the prime factors of 18164.
2, 19, 239
List the prime factors of 2249.
13, 173
List the prime factors of 35599.
97, 367
List the prime factors of 79972.
2, 19993
What are the prime factors of 14967?
3, 1663
What are the prime factors of 93444?
2, 3, 13, 599
What are the prime factors of 3312?
2, 3, 23
What are the prime factors of 3359?
3359
List the prime factors of 48960.
2, 3, 5, 17
List the prime factors of 4489.
67
List the prime factors of 9369.
3, 347
List the prime factors of 97485.
3, 5, 67, 97
What are the prime factors of 4481?
4481
What are the prime factors of 13894?
2, 6947
What are the prime factors of 73989?
3, 8221
What are the prime factors of 16665?
3, 5, 11, 101
List the prime factors of 1403.
23, 61
List the prime factors of 8711.
31, 281
What are the prime factors of 21?
3, 7
What are the prime factors of 100678?
2, 71, 709
What are the prime factors of 23566?
2, 11783
List the prime factors of 1845.
3, 5, 41
List the prime factors of 20.
2, 5
List the prime factors of 73191.
3, 31, 787
List the prime factors of 694.
2, 347
List the prime factors of 33.
3, 11
List the prime factors of 40587.
3, 83, 163
List the prime factors of 1300.
2, 5, 13
What are the prime factors of 17056?
2, 13, 41
What are the prime factors of 1431?
3, 53
List the prime factors of 13376.
2, 11, 19
List the prime factors of 1030.
2, 5, 103
List the prime factors of 6363.
3, 7, 101
What are the prime factors of 1031?
1031
List the prime factors of 10913.
7, 1559
List the prime factors of 21809.
113, 193
What are the prime factors of 1074?
2, 3, 179
What are the prime factors of 17182?
2, 11, 71
List the prime factors of 7299.
3, 811
List the prime factors of 18499.
13, 1423
List the prime factors of 18273.
3, 6091
What are the prime factors of 455?
5, 7, 13
List the prime factors of 729.
3
What are the prime factors of 135?
3, 5
What are the prime factors of 4529?
7, 647
What are the prime factors of 318?
2, 3, 53
List the prime factors of 3188.
2, 797
What are the prime factors of 72983?
59, 1237
What are the prime factors of 7174?
2, 17, 211
What are the prime factors of 19841?
19841
What are the prime factors of 2879?
2879
List the prime factors of 5732.
2, 1433
What are the prime factors of 4824?
2, 3, 67
List the prime factors of 627.
3, 11, 19
List the prime factors of 3848.
2, 13, 37
What are the prime factors of 25979?
83, 313
List the prime factors of 145623.
3, 48541
List the prime factors of 127424.
2, 11, 181
List the prime factors of 3773.
7, 11
List the prime factors of 7781.
31, 251
What are the prime factors of 2131?
2131
List the prime factors of 3197.
23, 139
List the prime factors of 1972.
2, 17, 29
List the prime factors of 17510.
2, 5, 17, 103
List the prime factors of 6841.
6841
List the prime factors of 549.
3, 61
List the prime factors of 4530.
2, 3, 5, 151
What are the prime factors of 3024?
2, 3, 7
What are the prime factors of 929?
929
What are the prime factors of 16343?
59, 277
List the prime factors of 1336.
2, 167
List the prime factors of 12.
2, 3
List the prime factors of 2028.
2, 3, 13
List the prime factors of 88211.
88211
What are the prime factors of 10101?
3, 7, 13, 37
List the prime factors of 1533.
3, 7, 73
List the prime factors of 270.
2, 3, 5
What are the prime factors of 12966?
2, 3, 2161
List the prime factors of 97311.
3, 163, 199
What are the prime factors of 3728?
2, 233
List the prime factors of 147.
3, 7
What are the prime factors of 5118?
2, 3, 853
List the prime factors of 21225.
3, 5, 283
List the prime factors of 8630.
2, 5, 863
List the prime factors of 16387.
7, 2341
What are the prime factors of 17065?
5, 3413
List the prime factors of 81856.
2, 1279
What are the prime factors of 2333?
2333
List the prime factors of 15137.
15137
List the prime factors of 407.
11, 37
What are the prime factors of 6390?
2, 3, 5, 71
What are the prime factors of 65?
5, 13
List the prime factors of 3151.
23, 137
What are the prime factors of 5550?
2, 3, 5, 37
What are the prime factors of 41701?
11, 17, 223
List the prime factors of 111351.
3, 37117
What are the prime factors of 374?
2, 11, 17
List the prime factors of 3354.
2, 3, 13, 43
What are the prime factors of 3783?
3, 13, 97
What are the prime factors of 912?
2, 3, 19
List the prime factors of 35512.
2, 23, 193
List the prime factors of 10180.
2, 5, 509
What are the prime factors of 130062?
2, 3, 53, 409
What are the prime factors of 5118?
2, 3, 853
List the prime factors of 45928.
2, 5741
List the prime factors of 1643.
31, 53
What are the prime factors of 42046?
2, 21023
What are the prime factors of 26156?
2, 13, 503
What are the prime factors of 510?
2, 3, 5, 17
What are the prime factors of 1196?
2, 13, 23
List the prime factors of 1609.
1609
List the prime factors of 289.
17
List the prime factors of 5389.
17, 317
List the prime factors of 2099.
2099
List the prime factors of 6313.
59, 107
List the prime factors of 111232.
2, 11, 79
List the prime factors of 8744.
2, 1093
List the prime factors of 1044.
2, 3, 29
What are the prime factors of 7218?
2, 3, 401
List the prime factors of 19887.
3, 7, 947
What are the prime factors of 4528?
2, 283
What are the prime factors of 2038?
2, 1019
List the prime factors of 33201.
3, 7, 17, 31
List the prime factors of 3589.
37, 97
List the prime factors of 2168.
2, 271
What are the prime factors of 243?
3
What are the prime factors of 465?
3, 5, 31
What are the prime factors of 2445?
3, 5, 163
List the prime factors of 113949.
3, 11, 1151
What are the prime factors of 320?
2, 5
What are the prime factors of 87217?
13, 6709
What are the prime factors of 2907?
3, 17, 19
What are the prime factors of 957?
3, 11, 29
List the prime factors of 1330.
2, 5, 7, 19
What are the prime factors of 20889?
3, 11, 211
What are the prime factors of 9194?
2, 4597
What are the prime factors of 6572?
2, 31, 53
List the prime factors of 6103.
17, 359
List the prime factors of 37249.
193
List the prime factors of 27198.
2, 3, 1511
What are the prime factors of 59780?
2, 5, 7, 61
List the prime factors of 4835.
5, 967
What are the prime factors of 120817?
120817
List the prime factors of 58463.
17, 19, 181
What are the prime factors of 240?
2, 3, 5
What are the prime factors of 1032?
2, 3, 43
List the prime factors of 14707.
7, 11, 191
What are the prime factors of 291?
3, 97
List the prime factors of 52040.
2, 5, 1301
List the prime factors of 12126.
2, 3, 43, 47
What are the prime factors of 75?
3, 5
List the prime factors of 1913.
1913
What are the prime factors of 34011?
3, 3779
List the prime factors of 104.
2, 13
List the prime factors of 91535.
5, 18307
List the prime factors of 1129.
1129
List the prime factors of 2715.
3, 5, 181
List the prime factors of 79029.
3, 2927
List the prime factors of 343.
7
List the prime factors of 995.
5, 199
List the prime factors of 7948.
2, 1987
What are the prime factors of 1273?
19, 67
What are the prime factors of 3374?
2, 7, 241
List the prime factors of 42848.
2, 13, 103
What are the prime factors of 35662?
2, 11, 1621
What are the prime factors of 10246?
2, 47, 109
What are the prime factors of 2748?
2, 3, 229
List the prime fac